7811760 and 198.
66
Calculate the highest common divisor of 60 and 1089015.
15
Calculate the highest common divisor of 426 and 1371789438.
426
What is the greatest common factor of 14 and 1556167578?
14
Calculate the greatest common factor of 15422 and 16126.
22
What is the greatest common divisor of 46924856 and 440?
88
What is the highest common factor of 17105740 and 310?
10
What is the greatest common divisor of 18 and 614619?
9
What is the highest common factor of 6570 and 2368530?
90
Calculate the highest common factor of 1167561710 and 294.
98
Calculate the greatest common divisor of 48297 and 143055.
51
Calculate the greatest common divisor of 4392 and 157555863.
549
What is the highest common factor of 640 and 836960?
160
What is the greatest common divisor of 4112 and 1893833?
257
What is the greatest common divisor of 6506 and 1946653754?
6506
What is the greatest common divisor of 25353 and 43507?
313
What is the highest common factor of 28913 and 252387?
29
Calculate the greatest common factor of 2484113700 and 465.
465
What is the highest common factor of 5194 and 3589885040?
5194
Calculate the greatest common factor of 92362500 and 1250.
1250
What is the highest common divisor of 1865304 and 336?
168
What is the greatest common divisor of 31542 and 41979?
21
Calculate the greatest common factor of 1780520 and 80.
40
What is the greatest common factor of 202397831 and 1553?
1553
What is the greatest common divisor of 24299730 and 106260?
4830
What is the highest common divisor of 100650 and 216062?
1342
Calculate the greatest common factor of 1917 and 87185160.
1917
Calculate the greatest common factor of 566 and 328802135.
283
Calculate the highest common divisor of 802207397 and 37.
37
Calculate the greatest common factor of 269906151 and 61.
61
What is the highest common divisor of 341760 and 4365450?
2670
What is the highest common divisor of 55095 and 49071?
3
What is the greatest common divisor of 12426382 and 1124?
562
Calculate the greatest common factor of 1433854 and 342.
38
Calculate the greatest common divisor of 171 and 1690884.
9
Calculate the greatest common divisor of 194 and 585531673.
97
Calculate the greatest common divisor of 911732 and 29722.
386
What is the greatest common divisor of 50508094 and 156?
26
What is the greatest common divisor of 74688014 and 31078?
758
What is the greatest common divisor of 13237976 and 24?
8
What is the highest common factor of 71950 and 358250?
50
Calculate the greatest common factor of 285341329 and 4123.
217
What is the greatest common factor of 632622710 and 670?
670
Calculate the highest common factor of 5388 and 147169628.
1796
Calculate the greatest common divisor of 1981925 and 12925.
275
Calculate the greatest common divisor of 6959 and 2227944727.
6959
Calculate the greatest common divisor of 9828890 and 390830.
3230
What is the highest common factor of 3904 and 11422?
2
Calculate the greatest common factor of 4894 and 165566467.
2447
What is the highest common divisor of 498 and 1622069?
83
What is the greatest common divisor of 18036778 and 4376?
1094
What is the highest common divisor of 288 and 28891488?
96
What is the greatest common factor of 10 and 15736?
2
What is the highest common factor of 12145 and 1326745?
35
Calculate the highest common divisor of 2589256 and 64.
8
Calculate the highest common divisor of 43550 and 5650.
50
What is the greatest common factor of 515999 and 8723?
671
Calculate the highest common divisor of 650 and 797950.
50
What is the highest common factor of 410288281 and 3133?
3133
What is the greatest common divisor of 29507 and 38164975?
1553
What is the greatest common factor of 5542 and 22117?
17
Calculate the greatest common factor of 8 and 16499200.
8
What is the highest common divisor of 40376 and 5022304?
392
Calculate the highest common divisor of 1604608 and 58368.
1024
Calculate the highest common divisor of 2232 and 1162737.
9
Calculate the greatest common divisor of 338490 and 396.
18
Calculate the highest common factor of 21867 and 489954.
111
Calculate the highest common divisor of 2093 and 1235.
13
Calculate the greatest common divisor of 16836 and 1380796.
244
Calculate the highest common divisor of 35088 and 3957328.
272
What is the greatest common factor of 652 and 1343060?
4
What is the greatest common divisor of 197060 and 372290?
590
Calculate the greatest common divisor of 730 and 368942.
146
Calculate the greatest common divisor of 92063994 and 132.
66
What is the highest common divisor of 247778 and 15801?
229
What is the highest common factor of 104807 and 1657703?
337
What is the greatest common factor of 69048154 and 294?
98
What is the greatest common factor of 4998376 and 100?
4
What is the greatest common factor of 101808 and 57744?
144
What is the greatest common factor of 144 and 18410808?
24
Calculate the highest common divisor of 21653791 and 1423.
1423
What is the highest common divisor of 2075577 and 84?
21
Calculate the highest common divisor of 536957 and 45175.
139
Calculate the highest common factor of 72 and 30758848.
8
What is the greatest common factor of 2568104 and 385?
77
Calculate the highest common factor of 54329093 and 98.
49
What is the greatest common factor of 368 and 4131444?
92
What is the highest common factor of 4246 and 30118?
22
What is the highest common divisor of 85 and 90832615?
85
Calculate the greatest common divisor of 4308170 and 610.
10
Calculate the greatest common factor of 2448 and 1340688.
816
Calculate the greatest common factor of 236 and 269168974.
118
Calculate the highest common factor of 6212318 and 42.
14
What is the highest common divisor of 2767999554 and 54?
54
What is the highest common divisor of 4424 and 200396?
28
Calculate the greatest common factor of 803882 and 18090902.
7114
Calculate the greatest common divisor of 608 and 32321736.
152
What is the greatest common factor of 203 and 2378609?
29
What is the highest common factor of 45272938 and 1382?
1382
Calculate the highest common factor of 7844450 and 40015.
755
Calculate the greatest common factor of 4906 and 1759802.
22
Calculate the highest common divisor of 1104341 and 10428.
79
Calculate the highest common divisor of 132630503 and 1418.
709
What is the greatest common divisor of 1544332 and 12?
4
What is the highest common divisor of 5 and 16364080?
5
What is the highest common factor of 141643726 and 154?
14
Calculate the greatest common factor of 170976 and 2607072.
1248
What is the greatest common divisor of 234350 and 522110?
1090
Calculate the highest common divisor of 2977205 and 632700.
3515
What is the greatest common divisor of 317 and 2027849?
317
Calculate the highest common divisor of 3839 and 288926.
11
What is the highest common factor of 525 and 5444625?
75
Calculate the greatest common factor of 134 and 529186703.
67
Calculate the highest common factor of 596130 and 40383.
1923
What is the highest common divisor of 34565 and 12466369?
223
What is the highest common factor of 1715327512 and 8?
8
Calculate the greatest common divisor of 260962 and 4277.
13
Calculate the greatest common divisor of 1557523 and 52547.
187
Calculate the highest common divisor of 51 and 20194487.
17
What is the highest common divisor of 209 and 15787651?
209
What is the highest common divisor of 4582361 and 2?
1
Calculate the greatest common factor of 13 and 10167092.
13
What is the highest common divisor of 14507244 and 3476?
316
What is the highest common factor of 77 and 7825169?
11
What is the greatest common factor of 530733 and 29975967?
4179
Calculate the greatest common factor of 350 and 1085650.
50
Calculate the highest common factor of 297513 and 13527.
81
What is the greatest common factor of 33 and 13658535?
33
What is the highest common divisor of 4343427 and 2847?
219
What is the highest common divisor of 10 and 12365755?
5
Calculate the greatest common divisor of 1131 and 721839.
87
What is the highest common divisor of 31825 and 4978?
19
Calculate the greatest common factor of 3708080 and 22240.
80
What is the highest common factor of 126333614 and 1628?
814
Calculate the highest common factor of 924 and 1003527.
21
Calculate the greatest common divisor of 303414 and 19032.
36